se 10
-1839203
What is 335171 (base 12) in base 10?
817573
Convert 484250 (base 10) to base 6.
14213522
What is 16606188 (base 9) in base 11?
477a871
141312224 (base 5) to base 15
e6044
Convert -302246 (base 9) to base 11.
-112384
-58722 (base 14) to base 11
-13794a
Convert 10b404 (base 16) to base 15.
169525
What is 5341030 (base 6) in base 4?
333332022
2145261 (base 8) to base 15
b5abc
What is 44200241 (base 6) in base 11?
823284
-100001110100101100 (base 2) to base 4
-201310230
729c7 (base 13) to base 10
206005
Convert 70564 (base 10) to base 14.
1ba04
What is -755179 (base 10) in base 2?
-10111000010111101011
What is -3223320201 (base 4) in base 11?
-5aa9a3
What is 13c76 (base 13) in base 15?
b0a2
9dd28 (base 14) to base 3
201111202020
Convert -110212201222010 (base 3) to base 12.
-2360b79
Convert -16722a (base 12) to base 10.
-385666
Convert 22201011010202 (base 3) to base 8.
21520052
What is -4530554 (base 6) in base 13?
-80680
3563380 (base 10) to base 15
4a5c3a
What is -744335 (base 8) in base 6?
-5152141
What is 222223321130 (base 4) in base 12?
38b7738
44213140 (base 5) to base 14
9d46b
What is -1233212222 (base 4) in base 11?
-2924a3
-30140110 (base 6) to base 16
-d034a
What is 66210 (base 12) in base 2?
100000111110101100
Convert 27796 (base 11) to base 3.
2000020212
Convert -244765 (base 10) to base 11.
-157994
Convert 1200101222010 (base 3) to base 11.
560522
362530 (base 7) to base 5
4101104
Convert 106100 (base 11) to base 3.
22121001010
-31c63c (base 14) to base 8
-6335036
What is -1306625 (base 7) in base 3?
-22122210122
-3a9786 (base 11) to base 13
-19658a
8400362 (base 9) to base 5
2122104043
What is 1140443000 (base 5) in base 9?
5021702
What is b6b8 (base 14) in base 5?
2002042
What is -51645261 (base 7) in base 2?
-10000100101011100010010
What is 1a4697 (base 15) in base 9?
2361607
480874 (base 11) to base 9
1381710
What is -41578a (base 14) in base 9?
-4130527
What is -120223320 (base 4) in base 8?
-305370
What is -3345002 (base 6) in base 2?
-101001011001011010
What is -2429e (base 16) in base 7?
-1154566
Convert 100324203 (base 6) to base 14.
325c71
-2127258 (base 9) to base 15
-177d4b
What is 2538450 (base 10) in base 11?
14841a2
a27b (base 12) to base 5
1031123
What is 213534 (base 7) in base 13?
13ca4
What is -632064 (base 7) in base 9?
-175183
845a3 (base 13) to base 5
30111004
What is -122201001210201 (base 3) in base 4?
-203321103331
Convert 1585c3 (base 13) to base 16.
820c6
What is 17720137 (base 8) in base 15?
575783
219a285 (base 11) to base 4
32223311303
What is -33226543 (base 7) in base 10?
-2864326
What is 3c2b92 (base 13) in base 5?
333303413
Convert 101606606 (base 7) to base 10.
5985650
What is 204a340 (base 12) in base 10?
6072672
What is -2131442 (base 5) in base 15?
-ac32
What is -2bf94b (base 16) in base 9?
-5372154
What is -2130300311 (base 4) in base 8?
-2346065
31435350 (base 6) to base 14
1a0374
-15305253 (base 7) to base 2
-101100101011011111100
-1044003244 (base 5) to base 10
-2328574
-16a7c (base 16) to base 8
-265174
Convert -32130323112 (base 4) to base 14.
-708914
2231114140 (base 5) to base 16
4b67e3
3610071 (base 8) to base 5
223042233
Convert 389b17 (base 14) to base 8.
7334031
-168414 (base 10) to base 2
-101001000111011110
Convert -131310231330 (base 4) to base 11.
-445a951
What is -1877123 (base 11) in base 2?
-1100000110011001001111
What is 13531205 (base 6) in base 9?
775055
1000010101110101011101100 (base 2) to base 9
35821441
Convert 1231031020 (base 4) to base 10.
447304
What is b1bab1 (base 12) in base 7?
32421331
What is 3117610 (base 10) in base 8?
13711052
Convert 11123030 (base 4) to base 15.
68b5
What is 621a13 (base 13) in base 8?
10566217
What is -155597 (base 11) in base 8?
-727726
What is 789461 (base 11) in base 12?
507533
What is 7b56a (base 12) in base 9?
271251
-1110000111101100011 (base 2) to base 12
-1a3917
Convert -1102323031 (base 4) to base 16.
-52ecd
-223840 (base 9) to base 3
-20210221100
Convert 95096 (base 11) to base 10.
138529
Convert 120012 (base 5) to base 10.
4382
What is -50726 (base 11) in base 15?
-16e3a
What is -16366057 (base 8) in base 15?
-4eeb2a
104b89 (base 13) to base 3
201102002010
What is -1017629 (base 12) in base 10?
-3019713
3c887 (base 14) to base 15
2e60d
What is -1000443144 (base 5) in base 2?
-111100000100110100101
Convert 2531315 (base 7) to base 13.
b5b1a
What is -1a2a9b5 (base 13) in base 6?
-504433420
What is -110001011101010010011100 (base 2) in base 12?
-4412aa4
Convert 28792 (base 12) to base 7.
323321
What is -53a0 (base 14) in base 4?
-3201300
Convert 1101111010001111001 (base 2) to base 5.
104041201
-41b11 (base 14) to base 11
-a9163
What is 11111100110001010001 (base 2) in base 12?
41b1a9
5aa75 (base 13) to base 8
505241
4372225 (base 8) to base 16
11f495
Convert -421a3a2 (base 11) to base 2.
-11100010111100111100100
153450 (base 14) to base 8
2643256
Convert 1001001220 (base 3) to base 13.
9411
Convert 1002100102011 (base 3) to base 2.
10001101000010000101
Convert -32311112203 (base 4) to base 12.
-1376397
What is e9dea (base 15) in base 13?
1ccb19
What is -21200110010211 (base 3) in base 7?
-46464316
-8a3 (base 11) to base 10
-1081
Convert -4055106 (base 8) to base 9.
-2013062
What is -608636 (base 9) in base 4?
-1120003011
Convert 387366 (base 10) to base 3.
201200100220
-20aba7 (base 15) to base 9
-2830214
193b81 (base 14) to base 12
371499
-5c5db (base 14) to base 2
-110111001110000101
What is 539b3 (base 12) in base 2?
11010111011010111
-102001220020020 (base 3) to base 10
-5883198
1000110111001100101 (base 2) to base 3
112202100202
What is 113131310 (base 4) in base 14?
27056
What is 5a3039 (base 13) in base 3?
11001011111000
Convert -13c7b6 (base 15) to base 14.
-1ab6ac
Convert -46450620 (base 7) to base 6.
-223235023
436642 (base 13) to base 3
2222112100121
What is -120523326 (base 7) in base 11?
-4264338
Convert 22013210 (base 7) to base 16.
1cc6df
-31544313 (base 7) to base 14
-4dbd0a
Convert -76a934 (base 11) to base 7.
-13310645
What is -160345 (base 7) in base 13?
-1139b
Convert 204601 (base 7) to base 8.
104721
Convert -210710 (base 9) to base 16.
-1e933
What is 414434124 (base 6) in base 7?
115243165
2162cc (base 15) to base 2
110000100001111111011
-49568 (base 11) to base 10
-71222
-30b5cc4 (base 13) to base 7
-236602226
11012002110 (base 3) to base 13
2b6aa
Convert 101210222102001 (base 3) to base 6.
323102301
Convert -7375305 (base 10) to base 12.
-2578149
Convert 9cc9 (base 13) to base 6.
245410
Convert -120332312320 (base 4) to base 15.
-89564a
What is 30212132211 (base 4) in base 6?
154445113
Convert -798655 (base 11) to base 10.
-1270560
271b67 (base 14) to base 15
1b9d01
Convert -1312140012 (base 5) to base 8.
-14270107
Convert -1000010010011001010 (base 2) to base 5.
-32142222
What is -1324123 (base 5) in base 15?
-7e0d
Convert 6d0a0 (base 14) to base 10.
266308
What is -101100000111100000 (base 2) in base 5?
-21240304
What is 460058 (base 9) in base 10?
275615
Convert 237150 (base 11) to base 15.
763e8
Convert -55747 (base 9) to base 16.
-90c4
What is 205905 (base 10) in base 7?
1515210
What is 1885240 (base 9) in base 16?
102d44
Convert 945e9 (base 16) to base 5.
123421341
Convert 11410151 (base 7) to base 3.
1220100200222
1a49b1 (base 13) to base 8
2427334
-1420223 (base 7) to base 12
-91a02
2663a43 (base 12) to base 10
7596051
What is -aaf73 (base 16) in base 8?
-2527563
What is 6021442 (base 8) in base 15?
213a73
70174 (base 10) to base 6
1300514
5400685 (base 9) to base 15
3c270e
What is -75327 (base 8) in base 6?
-401331
1022767 (base 8) to base 7
2211414
Convert -422560 (base 8) to base 12.
-69494
What is 85a97 (base 12) in base 11?
110326
1b97bd (base 15) to base 4
11021030122
Convert -5451030 (base 6) to base 2.
-1000010001011111010
Convert 465433 (base 8) to base 3.
22001102001
-120201200001 (base 3) to base 4
-1023211033
-145181a (base 12) to base 7
-46514026
Convert 30d695 (base 16) to base 6.
152333513
What is 15425251 (base 7) in base 9?
2713851
Convert -703863 (base 10) to base 9.
-1282460
Convert 10110101101011101001010 (base 2) to base 13.
13059c4
What is 4b28a (base 12) in base 13?
3777a
What is -22112220002 (base 3) in base 11?
-105509
What is 3175a (base 14) in base 10?